omposite number?
False
Is 7764017 prime?
False
Is 4953313 composite?
False
Is 13348069 prime?
False
Is 8133722 a composite number?
True
Is 9318271 composite?
False
Is 135659117 composite?
True
Is 1640323 a prime number?
True
Is 282924871 a composite number?
False
Is 1385273 prime?
True
Is 3007763 composite?
True
Is 21332417 a composite number?
False
Is 1442234 prime?
False
Is 28673549 a prime number?
True
Is 74070937 a composite number?
True
Is 1504267 composite?
False
Is 13110387 prime?
False
Is 10829909 composite?
True
Is 3549947 a composite number?
False
Is 3066857 a prime number?
True
Is 3394295 a composite number?
True
Is 10071323 a composite number?
True
Is 5439509 composite?
False
Is 5128589 a prime number?
False
Is 255704797 a composite number?
True
Is 57008359 a composite number?
True
Is 2920859 composite?
True
Is 13731961 composite?
False
Is 18801527 prime?
True
Is 862007 prime?
False
Is 18515617 a prime number?
True
Is 8630698 composite?
True
Is 79891717 prime?
True
Is 17051579 a prime number?
False
Is 1745687 prime?
True
Is 714157 composite?
True
Is 7281041 a composite number?
True
Is 3472243 composite?
True
Is 6551747 composite?
False
Is 42658063 a composite number?
True
Is 31310963 a composite number?
True
Is 13529123 a prime number?
True
Is 9014101 a prime number?
True
Is 33551839 a composite number?
False
Is 5920235 composite?
True
Is 1660457 a prime number?
True
Is 13584793 a composite number?
False
Is 1105805087 composite?
False
Is 7906189 prime?
True
Is 391450643 a prime number?
True
Is 9519043 prime?
True
Is 16582571 a prime number?
True
Is 21393623 prime?
True
Is 2834443 a prime number?
True
Is 302736757 a composite number?
True
Is 4579369 prime?
False
Is 16286093 a composite number?
True
Is 5369651 prime?
False
Is 13618271 a composite number?
False
Is 2228047 a composite number?
True
Is 198539665 composite?
True
Is 4923619 composite?
False
Is 265495567 prime?
True
Is 34093331 prime?
False
Is 66939469 composite?
True
Is 24257897 prime?
True
Is 23128727 prime?
False
Is 132785 prime?
False
Is 1187159 a prime number?
True
Is 309336691 a composite number?
True
Is 16441613 composite?
True
Is 263537 a composite number?
False
Is 103409665 composite?
True
Is 84829021 prime?
False
Is 29859781 a prime number?
False
Is 281014647 prime?
False
Is 718495 a composite number?
True
Is 12925369 composite?
False
Is 10368313 a prime number?
True
Is 15516073 a prime number?
False
Is 912313 a prime number?
False
Is 200049 prime?
False
Is 222743551 composite?
False
Is 72579941 composite?
True
Is 11217929 prime?
False
Is 1997657 composite?
False
Is 85911127 a prime number?
True
Is 168663431 prime?
False
Is 55825123 prime?
True
Is 9794137 prime?
True
Is 21835189 prime?
True
Is 45653581 prime?
True
Is 19353223 prime?
True
Is 28552943 composite?
False
Is 4420463 composite?
False
Is 19637239 a composite number?
True
Is 279409423 prime?
True
Is 21415601 composite?
True
Is 4600105 a composite number?
True
Is 8159923 a prime number?
True
Is 4907563 a composite number?
False
Is 143896801 a prime number?
True
Is 17295074 prime?
False
Is 1115207 composite?
False
Is 4911941 a composite number?
False
Is 46603541 prime?
True
Is 291672902 composite?
True
Is 10715699 composite?
True
Is 12029881 a prime number?
True
Is 974183 a composite number?
True
Is 785713637 a prime number?
True
Is 9101207 a composite number?
False
Is 696281 a composite number?
False
Is 50516293 a prime number?
True
Is 823117 a composite number?
False
Is 21152689 a prime number?
False
Is 2200091 a composite number?
True
Is 6521 composite?
False
Is 3767389 a prime number?
True
Is 24224713 a composite number?
True
Is 83085733 a prime number?
True
Is 34532171 prime?
False
Is 88144919 composite?
True
Is 124376999 prime?
False
Is 2956389 a composite number?
True
Is 9838949 composite?
True
Is 18973237 prime?
True
Is 24328937 a prime number?
True
Is 155828653 a prime number?
True
Is 5762287 a composite number?
False
Is 47822662 a prime number?
False
Is 3478721 a prime number?
True
Is 96584351 a composite number?
False
Is 4053377 a composite number?
True
Is 3177457 a composite number?
False
Is 245571215 a prime number?
False
Is 57138097 composite?
False
Is 402209 a prime number?
False
Is 1286590067 a prime number?
False
Is 6010987 a composite number?
True
Is 133893797 composite?
False
Is 116173793 prime?
True
Is 6402985 a prime number?
False
Is 127481993 a prime number?
True
Is 687828227 composite?
False
Is 11821886 prime?
False
Is 136892969 a prime number?
True
Is 385738777 prime?
True
Is 33500911 composite?
False
Is 11695171 a prime number?
True
Is 165541487 prime?
True
Is 16017821 composite?
True
Is 1086587 a composite number?
False
Is 750310523 a prime number?
False
Is 49430578 a composite number?
True
Is 10063511 prime?
True
Is 2167367 a prime number?
True
Is 187920593 prime?
False
Is 85140127 a prime number?
False
Is 15075191 a prime number?
True
Is 329385817 a composite number?
False
Is 63227 prime?
False
Is 2448529 a composite number?
False
Is 27420077 a prime number?
True
Is 17837951 prime?
False
Is 511897235 prime?
False
Is 2181739 composite?
True
Is 17887381 a composite number?
False
Is 93974689 prime?
True
Is 4475407 a composite number?
False
Is 1084247 a composite number?
False
Is 168013481 a prime number?
True
Is 22075801 a composite number?
True
Is 425218307 composite?
True
Is 577387 a prime number?
True
Is 67286939 composite?
True
Is 1776613 prime?
False
Is 1245833 composite?
False
Is 44994949 prime?
True
Is 737179 composite?
False
Is 16264135 prime?
False
Is 17383073 composite?
True
Is 2770343 a prime number?
False
Is 66148607 a composite number?
True
Is 701447 a composite number?
False
Is 961621 a composite number?
True
Is 51889963 prime?
True
Is 370373 a composite number?
False
Is 2395489 prime?
True
Is 103503119 a prime number?
True
Is 106801 composite?
False
Is 12236605 composite?
True
Is 566781 composite?
True
Is 287538697 a composite number?
True
Is 171921283 a composite number?
False
Is 4718843 composite?
True
Is 9924613 prime?
True
Is 18899 a prime number?
True
Is 142436003 composite?
True
Is 2586319 a prime number?
False
Is 7481983 a composite number?
False
Is 5728609 composite?
True
Is 16956827 composite?
False
Is 18853889 composite?
True
Is 13101469 prime?
False
Is 24674051 prime?
True
Is 15532681 a composite number?
False
Is 7678657 a composite number?
True
Is 280125397 composite?
False
Is 30634174 a prime number?
False
Is 1623893 a prime number?
False
Is 4132911 prime?
False
Is 3136189 prime?
False
Is 1827647 prime?
True
Is 4934957 a prime number?
False
Is 454307 a prime number?
False
Is 34451429 composite?
True
Is 503811271 a prime number?
True
Is 13128701 a prime number?
True
Is 450467 a composite number?
True
Is 46869853 prime?
True
Is 11354653 composite?
True
Is 9758029 prime?
True
Is 537077 a composite number?
True
Is 2627489 a composite number?
True
Is 2426693 a composite number?
False
Is 15640919 prime?
False
Is 5664443 prime?
True
Is 127870349 a composite number?
True
Is 4553893 composite?
True
Is 5057561 prime?
True
Is 83244157 composite?
False
Is 24120379 a prime number?
True
Is 790249 a prime number?
False
Is 81295427 a prime number?
True
Is 110437258 prime?
False
Is 39784943 a composite number?
True
Is 129802093 a composite number?
False
Is 13458595 composite?
True
Is 701653 a prime number?
True
Is 155587 a composite number?
True
Is 15816461 a composite number?
False
Is 6043943 a prime number?
True
Is 20275601 a prime number?
True
Is 76710991 a prime number?
False
Is 354372011 a composite number?
True
Is 278710401 prime?
False
Is 30443849 a prime number?
True
Is 4811903 a prime number?
False
Is 154231499 a prime number?
False
Is 332393 prime?
True
Is 59198977 prime?
True
Is 87878723 a prime number?
True
Is 5271553 a prime number?
False
Is 2072899 a prime number?
False
Is 173361311 composite?
False
Is 3401273 a composite number?
False
Is 35501353 a prime number?
True
Is 4335229 a prime number?
True
Is 1757123 composite?
True
Is 64366477 a composite number?
True
Is 4249067 a composite number?
False
Is 24547033 composite?
True
Is 98113571 a prime number?
True
Is 123268433 prime?
False
Is 1018803713 a composite number?
False
Is 595467142 a prime number?
Fa